{"id":324,"date":"2001-01-01T10:10:10","date_gmt":"2001-01-01T09:10:10","guid":{"rendered":"http:\/\/w-cm.net\/wordpress\/?page_id=324"},"modified":"2020-07-17T06:51:27","modified_gmt":"2020-07-17T06:51:27","slug":"nos-valeurs-2","status":"publish","type":"page","link":"https:\/\/www.proelan.com\/index.php\/nos-valeurs-2\/","title":{"rendered":"Nos valeurs"},"content":{"rendered":"<div class=\"pagebannertitle\">\n<div class=\"bannermaintitle\">NOS VALEURS<\/div>\n<div class=\"bannersubtitle\">L&#8217;humain au c\u0153ur de notre strat\u00e9gie<\/div>\n<\/div>\n<p>Les valeurs fondatrices de Proelan s\u2019expriment aujourd&#8217;hui dans le quotidien de toutes nos \u00e9quipes.<\/p>\n<p>I<strong>nnovation<\/strong><\/p>\n<p>C&#8217;est notre principale\u00a0valeur fondatrice car elle est cr\u00e9atrice de valeur pour nos clients : parce qu&#8217;il n&#8217;y a pas d\u2019innovation sans audace, sans prise d\u2019initiatives.<\/p>\n<p>Proelan\u00a0a, d\u00e8s sa cr\u00e9ation, donn\u00e9 la primaut\u00e9 \u00e0 l\u2019homme sur les structures. Notre d\u00e9veloppement se\u00a0construit avant tout sur la confiance dans l\u2019individu, \u00e0 la conjugaison des talents et \u00e0 un savoir-faire m\u00e9thodologique qui font \u00e9merger les meilleures pratiques.<\/p>\n<p><strong>Flexibilit\u00e9<\/strong><\/p>\n<p>Ecouter les\u00a0autres\u00a0et comprendre leurs attentes, s\u2019ouvrir \u00e0 eux et s\u2019enrichir par la diff\u00e9rence, sont autant d&#8217;exigences pour r\u00e9pondre \u00e0 la diversit\u00e9 des besoins. Nous encourageons le\u00a0pragmatisme pour offrir une grande r\u00e9activit\u00e9 aux demandes de nos clients dont la\u00a0satisfaction reste la priorit\u00e9 absolue.<\/p>\n<p>Nos \u00e9quipes sont dimensionn\u00e9es au plus pr\u00e8s des contraintes de nos clients en garantissant\u00a0les d\u00e9lais de nos projets.<\/p>\n<p><strong>Exigence<\/strong><\/p>\n<p>Une valeur que nous insufflons \u00e0 tous nos consultants\u00a0qui se traduit par une mani\u00e8re d\u2019\u00eatre et une recherche permanente de\u00a0qualit\u00e9 et d&#8217;efficacit\u00e9. Nous partageons tous cette volont\u00e9 de nous d\u00e9passer pour offrir le meilleur \u00e0 nos clients.<\/p>\n<p><strong>Humanisme<\/strong><\/p>\n<p>Les personnes qui nous rejoignent, au-del\u00e0 de leur excellence technique et fonctionnelle, doivent surtout se reconna\u00eetre dans\u00a0nos valeurs humaines :\u00a0\u00a0partage, humilit\u00e9 et respect des autres.<\/p>\n<p>L\u2019\u00e9panouissement de notre personnel \u00e9tant une priorit\u00e9, Proelan vous accompagne tout au long de votre parcours professionnel en variant les projets\u00a0et en vous offrant des tremplins vers d\u2019autres fonctions.\u00a0Nous assurons un suivi\u00a0r\u00e9gulier de vos projets en veillant \u00e0 ce que vos attentes soient satisfaites.\u00a0Vous \u00eates acteur de votre carri\u00e8re, et nous sommes l\u00e0 pour vous aider \u00e0 y parvenir.<\/p>\n<p>Des \u00e9v\u00e9nements\u00a0sont organis\u00e9s r\u00e9guli\u00e8rement afin d&#8217;\u00e9changer et\u00a0de consolider\u00a0ces valeurs qui nous unissent.\u00a0Nous offrons la possibilit\u00e9, \u00e0 ceux venant d\u2019autres r\u00e9gions ou pays, de b\u00e9n\u00e9ficier d\u2019un soutien personnalis\u00e9\u00a0pour trouver un logement autour de Sophia Antipolis.<\/p>\n<p style=\"text-align: center;\"><strong>Si tu es comp\u00e9tent(e) et sympa alors\u00a0<a href=\"\/?f=1#contact\">postule<\/a>\u00a0!!<\/strong><\/p>\n","protected":false},"excerpt":{"rendered":"<p>NOS VALEURS L&#8217;humain au c\u0153ur de notre strat\u00e9gie Les valeurs fondatrices de Proelan s\u2019expriment aujourd&#8217;hui dans le quotidien de toutes nos \u00e9quipes. Innovation C&#8217;est notre principale\u00a0valeur fondatrice car elle est cr\u00e9atrice de valeur pour nos clients : parce qu&#8217;il n&#8217;y a pas d\u2019innovation sans audace, sans prise d\u2019initiatives. Proelan\u00a0a, d\u00e8s sa cr\u00e9ation, donn\u00e9 la primaut\u00e9<a href=\"https:\/\/www.proelan.com\/index.php\/nos-valeurs-2\/\">[&#8230;]<\/a><\/p>\n","protected":false},"author":4,"featured_media":854,"parent":0,"menu_order":0,"comment_status":"closed","ping_status":"closed","template":"","meta":{"footnotes":""},"class_list":["post-324","page","type-page","status-publish","has-post-thumbnail","hentry"],"_links":{"self":[{"href":"https:\/\/www.proelan.com\/index.php\/wp-json\/wp\/v2\/pages\/324","targetHints":{"allow":["GET"]}}],"collection":[{"href":"https:\/\/www.proelan.com\/index.php\/wp-json\/wp\/v2\/pages"}],"about":[{"href":"https:\/\/www.proelan.com\/index.php\/wp-json\/wp\/v2\/types\/page"}],"author":[{"embeddable":true,"href":"https:\/\/www.proelan.com\/index.php\/wp-json\/wp\/v2\/users\/4"}],"replies":[{"embeddable":true,"href":"https:\/\/www.proelan.com\/index.php\/wp-json\/wp\/v2\/comments?post=324"}],"version-history":[{"count":0,"href":"https:\/\/www.proelan.com\/index.php\/wp-json\/wp\/v2\/pages\/324\/revisions"}],"wp:featuredmedia":[{"embeddable":true,"href":"https:\/\/www.proelan.com\/index.php\/wp-json\/wp\/v2\/media\/854"}],"wp:attachment":[{"href":"https:\/\/www.proelan.com\/index.php\/wp-json\/wp\/v2\/media?parent=324"}],"curies":[{"name":"wp","href":"https:\/\/api.w.org\/{rel}","templated":true}]}}

<div class="pagebannertitle">
<div class="bannermaintitle">NOS VALEURS</div>
<div class="bannersubtitle">L&#8217;humain au cœur de notre stratégie</div>
</div>
<p>Les valeurs fondatrices de Proelan s’expriment aujourd&#8217;hui dans le quotidien de toutes nos équipes.</p>
<p>I<strong>nnovation</strong></p>
<p>C&#8217;est notre principale valeur fondatrice car elle est créatrice de valeur pour nos clients : parce qu&#8217;il n&#8217;y a pas d’innovation sans audace, sans prise d’initiatives.</p>
<p>Proelan a, dès sa création, donné la primauté à l’homme sur les structures. Notre développement se construit avant tout sur la confiance dans l’individu, à la conjugaison des talents et à un savoir-faire méthodologique qui font émerger les meilleures pratiques.</p>
<p><strong>Flexibilité</strong></p>
<p>Ecouter les autres et comprendre leurs attentes, s’ouvrir à eux et s’enrichir par la différence, sont autant d&#8217;exigences pour répondre à la diversité des besoins. Nous encourageons le pragmatisme pour offrir une grande réactivité aux demandes de nos clients dont la satisfaction reste la priorité absolue.</p>
<p>Nos équipes sont dimensionnées au plus près des contraintes de nos clients en garantissant les délais de nos projets.</p>
<p><strong>Exigence</strong></p>
<p>Une valeur que nous insufflons à tous nos consultants qui se traduit par une manière d’être et une recherche permanente de qualité et d&#8217;efficacité. Nous partageons tous cette volonté de nous dépasser pour offrir le meilleur à nos clients.</p>
<p><strong>Humanisme</strong></p>
<p>Les personnes qui nous rejoignent, au-delà de leur excellence technique et fonctionnelle, doivent surtout se reconnaître dans nos valeurs humaines :  partage, humilité et respect des autres.</p>
<p>L’épanouissement de notre personnel étant une priorité, Proelan vous accompagne tout au long de votre parcours professionnel en variant les projets et en vous offrant des tremplins vers d’autres fonctions. Nous assurons un suivi régulier de vos projets en veillant à ce que vos attentes soient satisfaites. Vous êtes acteur de votre carrière, et nous sommes là pour vous aider à y parvenir.</p>
<p>Des événements sont organisés régulièrement afin d&#8217;échanger et de consolider ces valeurs qui nous unissent. Nous offrons la possibilité, à ceux venant d’autres régions ou pays, de bénéficier d’un soutien personnalisé pour trouver un logement autour de Sophia Antipolis.</p>
<p style="text-align: center;"><strong>Si tu es compétent(e) et sympa alors <a href="/?f=1#contact">postule</a> !!</strong></p>

<p>NOS VALEURS L&#8217;humain au cœur de notre stratégie Les valeurs fondatrices de Proelan s’expriment aujourd&#8217;hui dans le quotidien de toutes nos équipes. Innovation C&#8217;est notre principale valeur fondatrice car elle est créatrice de valeur pour nos clients : parce qu&#8217;il n&#8217;y a pas d’innovation sans audace, sans prise d’initiatives. Proelan a, dès sa création, donné la primauté<a href="https://www.proelan.com/index.php/nos-valeurs-2/">[&#8230;]</a></p>
