{"id":2716,"date":"2026-04-13T16:03:57","date_gmt":"2026-04-13T15:03:57","guid":{"rendered":"https:\/\/www.proelan.com\/index.php\/cookie-policy\/"},"modified":"2026-04-13T16:03:57","modified_gmt":"2026-04-13T15:03:57","slug":"cookie-policy","status":"publish","type":"page","link":"https:\/\/www.proelan.com\/index.php\/cookie-policy\/","title":{"rendered":"Cookie Policy"},"content":{"rendered":"<p>This page provides comprehensive information about how we use cookies on our website to enhance your browsing experience, improve website performance, and deliver personalized content. Cookies are small text files that are stored on your device when you visit our site. They help us understand how visitors interact with our website, allowing us to offer a smoother and more efficient user experience. In the table below, you will find detailed information about each type of cookie we use, their purpose, and how long they remain on your device. We are committed to respecting your privacy and providing transparency about the data we collect through cookies. For more information on how we handle your personal data, please see our <a href=\"https:\/\/www.proelan.com\/index.php\/politique-de-confidentialite\/\">Privacy Policy.<\/a><\/p><div class=\"wpconsent-cookie-policy\"><h2 class=\"wpconsent-cookie-category-name\">Essentiel<\/h2><p class=\"wpconsent-cookie-category-description\">Les cookies essentiels activent des fonctions de base et sont n\u00e9cessaires au bon fonctionnement du site web.<\/p><table class=\"wpconsent-cookie-policy-table\"><tr><th>Name<\/th><th>Description<\/th><th>Duration<\/th><\/tr><tr><td>wpconsent_preferences<\/td><td>Ce cookie est utilis\u00e9 pour stocker les pr\u00e9f\u00e9rences de l\u2019utilisateur en mati\u00e8re de consentement aux cookies.<\/td><td>30 days<\/td><\/tr><\/table><h3 class=\"wpconsent-cookie-service-name\">Comments<\/h3><p class=\"wpconsent-cookie-service-description\">These cookies are needed for adding comments on this website.<\/p><table class=\"wpconsent-cookie-policy-table\"><tr><th>Name<\/th><th>Description<\/th><th>Duration<\/th><\/tr><tr><td>comment_author<\/td><td>Utilis\u00e9 pour suivre l\u2019utilisateur \u00e0 travers plusieurs sessions.<\/td><td>Session<\/td><\/tr><tr><td>comment_author_email<\/td><td>Utilis\u00e9 pour suivre l\u2019utilisateur \u00e0 travers plusieurs sessions.<\/td><td>Session<\/td><\/tr><tr><td>comment_author_url<\/td><td>Utilis\u00e9 pour suivre l\u2019utilisateur \u00e0 travers plusieurs sessions.<\/td><td>Session<\/td><\/tr><\/table><h3 class=\"wpconsent-cookie-service-name\">Google reCAPTCHA<\/h3><p class=\"wpconsent-cookie-service-description\">Google reCAPTCHA helps protect websites from spam and abuse by verifying user interactions through challenges.<\/p><table class=\"wpconsent-cookie-policy-table\"><tr><th>Name<\/th><th>Description<\/th><th>Duration<\/th><\/tr><tr><td>_GRECAPTCHA<\/td><td>Google reCAPTCHA d\u00e9finit un cookie n\u00e9cessaire (_GRECAPTCHA) lorsqu\u2019il est ex\u00e9cut\u00e9 dans le but de fournir son analyse des risques.<\/td><td>179 days<\/td><\/tr><\/table><\/div>\n","protected":false},"excerpt":{"rendered":"<p>This page provides comprehensive information about how we use cookies on our website to enhance your browsing experience, improve website performance, and deliver personalized content. Cookies are small text files that are stored on your device when you visit our site. They help us understand how visitors interact with our website, allowing us to offer<a href=\"https:\/\/www.proelan.com\/index.php\/cookie-policy\/\">[&#8230;]<\/a><\/p>\n","protected":false},"author":21718,"featured_media":0,"parent":0,"menu_order":0,"comment_status":"closed","ping_status":"closed","template":"","meta":{"footnotes":""},"class_list":["post-2716","page","type-page","status-publish","hentry"],"_links":{"self":[{"href":"https:\/\/www.proelan.com\/index.php\/wp-json\/wp\/v2\/pages\/2716","targetHints":{"allow":["GET"]}}],"collection":[{"href":"https:\/\/www.proelan.com\/index.php\/wp-json\/wp\/v2\/pages"}],"about":[{"href":"https:\/\/www.proelan.com\/index.php\/wp-json\/wp\/v2\/types\/page"}],"author":[{"embeddable":true,"href":"https:\/\/www.proelan.com\/index.php\/wp-json\/wp\/v2\/users\/21718"}],"replies":[{"embeddable":true,"href":"https:\/\/www.proelan.com\/index.php\/wp-json\/wp\/v2\/comments?post=2716"}],"version-history":[{"count":0,"href":"https:\/\/www.proelan.com\/index.php\/wp-json\/wp\/v2\/pages\/2716\/revisions"}],"wp:attachment":[{"href":"https:\/\/www.proelan.com\/index.php\/wp-json\/wp\/v2\/media?parent=2716"}],"curies":[{"name":"wp","href":"https:\/\/api.w.org\/{rel}","templated":true}]}}