{"id":107,"date":"2016-03-11T10:54:52","date_gmt":"2016-03-11T09:54:52","guid":{"rendered":"http:\/\/w-cm.net\/wordpress\/?page_id=107"},"modified":"2020-07-17T06:49:33","modified_gmt":"2020-07-17T06:49:33","slug":"direction-de-projet","status":"publish","type":"page","link":"https:\/\/www.proelan.com\/index.php\/direction-de-projet\/","title":{"rendered":"Centre d&#8217;Expertise BI"},"content":{"rendered":"<div class=\"pagebannertitle\">\n<div class=\"bannermaintitle\">CENTRE D&#8217;EXPERTISE BI<\/div>\n<div class=\"bannersubtitle\">Solutions d\u00e9cisionnelles Proelan<\/div>\n<\/div>\n<p class=\"navihome\"><a class=\"pull-right naviblue textuline\" href=\"\/#focus\">Retourner \u00e0 l&#8217;offre Proelan<\/a><\/p>\n<div class=\"category-desc\">\n<p><span style=\"color: #6688cc;\"><strong>Proelan : Editeur d\u2019Olympe BI Suite<\/strong><\/span>Proelan est l&#8217;\u00e9diteur de la <a class=\"pageblue\" href=\"\/index.php\/logiciels\/\">suite logicielle Olympe<\/a> incluant un portail collaboratif d\u00e9di\u00e9 au Reporting et un serveur d\u2019int\u00e9gration de donn\u00e9es BI. Olympe a \u00e9t\u00e9 d\u00e9ploy\u00e9 aupr\u00e8s de grands groupes industriels qui font confiance \u00e0 nos outils ainsi qu\u2019\u00e0 notre expertise avec les meilleurs outils du march\u00e9 comme SAP Crystal Report. Depuis quelques ann\u00e9es, Proelan a \u00e9largi son expertise et d\u00e9velopp\u00e9 un vrai savoir-faire dans la Business Intelligence qui lui a permis de nouer des partenariats et de b\u00e2tir des solutions pour les clients d\u00e9sirant s\u2019\u00e9quiper d\u2019outils d\u00e9cisionnels.<\/p>\n<p><span style=\"color: #6688cc;\"><strong>Un Centre d\u2019Expertise pour le D\u00e9cisionnel<\/strong><\/span><\/p>\n<p>Avec 60 collaborateurs et une \u00e9quipe de direction exp\u00e9riment\u00e9e qui travaille en r\u00e9seau avec d&#8217;autres acteurs de la r\u00e9gion, Proelan est capable de dimensionner rapidement ses\u00a0\u00e9quipes \u00e0 vos contraintes de co\u00fbt et de d\u00e9lai.<\/p>\n<p>En s&#8217;appuyant sur son\u00a0<a class=\"pageblue\" href=\"\/index.php\/services\/\">Centre de Comp\u00e9tences<\/a>, Proelan met \u00e0 votre disposition une\u00a0\u00e9quipe d\u2019experts pour vous suivre dans tous vos projets de Business Intelligence :\u00a0d\u00e9veloppement ou de maintenance d\u2019application BI.<\/p>\n<p><span style=\"color: #6688cc;\"><strong>Conseil en Business Intelligence<\/strong><\/span><\/p>\n<p>Proelan dispose d&#8217;une \u00e9quipe de consultants\u00a0capables d\u2019intervenir en amont de vos projets pour vous aider \u00e0 faire les bons choix strat\u00e9giques :<\/p>\n<ul>\n<li>Aide au choix des outils de Dataviz, Dashboarding ou Reporting en fonctions des besoins.<\/li>\n<li>Initiation \u00e0 la data visualisation et la data analyse\u00a0des bases de donn\u00e9es qui correspondent \u00e0 votre volume de donn\u00e9es, \u00e0 vos besoins de performance.<\/li>\n<li>Aide au choix et au calcul des indicateurs cl\u00e9s pour vos activit\u00e9s.<\/li>\n<li>Aide au choix et \u00e0 la construction de vos dimensions (axes d&#8217;analyse de vos activit\u00e9s).<\/li>\n<li>Aide \u00e0 la cr\u00e9ation de vos tableaux de bord, de vos graphes et de vos rapports.<\/li>\n<li>Audit de l&#8217;architecture d\u00e9cisionnelle.<\/li>\n<\/ul>\n<p><span style=\"color: #6688cc;\"><strong>Solutions d\u00e9cisionnelles<\/strong><\/span><\/p>\n<p>Quelque soit votre maturit\u00e9 en terme de d\u00e9cisionnel, Proelan peut vous concevoir et mettre en place tous types de solutions :<\/p>\n<ul>\n<li>Mise en place d\u2019outils du march\u00e9 en mode solution (SAP Crystal Report, QlikView, etc).<\/li>\n<li>D\u00e9l\u00e9gation d\u2019experts BI pour param\u00e9trages complexes.<\/li>\n<li>Flux d\u2019int\u00e9gration de donn\u00e9es, mod\u00e9lisation de bases d\u00e9di\u00e9es au reporting, construction de datawarehouse, traitement de gros volumes de donn\u00e9es (BIG DATA).<\/li>\n<li>Int\u00e9gration d\u2019applications pour le d\u00e9cisionnel avec <a class=\"pageblue\" href=\"\/index.php\/logiciels\/#olympe\">Olympe BI Integration Server<\/a>.<\/li>\n<li><a class=\"pageblue\" href=\"\/index.php\/logiciels\/\">Portail d\u00e9di\u00e9 BI <\/a>avec contr\u00f4le des acc\u00e8s et gestion des r\u00f4les.<\/li>\n<li>Mise en place d\u2019un annuaire pour le contr\u00f4le centralis\u00e9 des acc\u00e8s pour le Reporting strat\u00e9gique.<\/li>\n<\/ul>\n<\/div>\n","protected":false},"excerpt":{"rendered":"<p>CENTRE D&#8217;EXPERTISE BI Solutions d\u00e9cisionnelles Proelan Retourner \u00e0 l&#8217;offre Proelan Proelan : Editeur d\u2019Olympe BI SuiteProelan est l&#8217;\u00e9diteur de la suite logicielle Olympe incluant un portail collaboratif d\u00e9di\u00e9 au Reporting et un serveur d\u2019int\u00e9gration de donn\u00e9es BI. Olympe a \u00e9t\u00e9 d\u00e9ploy\u00e9 aupr\u00e8s de grands groupes industriels qui font confiance \u00e0 nos outils ainsi qu\u2019\u00e0 notre<a href=\"https:\/\/www.proelan.com\/index.php\/direction-de-projet\/\">[&#8230;]<\/a><\/p>\n","protected":false},"author":4,"featured_media":825,"parent":0,"menu_order":0,"comment_status":"closed","ping_status":"closed","template":"template-fullwidth-no-title.php","meta":{"footnotes":""},"class_list":["post-107","page","type-page","status-publish","has-post-thumbnail","hentry"],"_links":{"self":[{"href":"https:\/\/www.proelan.com\/index.php\/wp-json\/wp\/v2\/pages\/107","targetHints":{"allow":["GET"]}}],"collection":[{"href":"https:\/\/www.proelan.com\/index.php\/wp-json\/wp\/v2\/pages"}],"about":[{"href":"https:\/\/www.proelan.com\/index.php\/wp-json\/wp\/v2\/types\/page"}],"author":[{"embeddable":true,"href":"https:\/\/www.proelan.com\/index.php\/wp-json\/wp\/v2\/users\/4"}],"replies":[{"embeddable":true,"href":"https:\/\/www.proelan.com\/index.php\/wp-json\/wp\/v2\/comments?post=107"}],"version-history":[{"count":0,"href":"https:\/\/www.proelan.com\/index.php\/wp-json\/wp\/v2\/pages\/107\/revisions"}],"wp:featuredmedia":[{"embeddable":true,"href":"https:\/\/www.proelan.com\/index.php\/wp-json\/wp\/v2\/media\/825"}],"wp:attachment":[{"href":"https:\/\/www.proelan.com\/index.php\/wp-json\/wp\/v2\/media?parent=107"}],"curies":[{"name":"wp","href":"https:\/\/api.w.org\/{rel}","templated":true}]}}